ase 11, what is 7 - -38a3?
38aa
In base 15, what is 18d - -e5e?
10ec
In base 9, what is 364536 + 1?
364537
In base 15, what is -3ce1 + 5?
-3cdb
In base 13, what is 75b2 + 196?
7778
In base 16, what is -17 + 22?
b
In base 9, what is 600 - 614?
-14
In base 15, what is -1bc + -39?
-206
In base 5, what is 333131 - -213?
333344
In base 16, what is -333a + -1?
-333b
In base 9, what is 132718 - 0?
132718
In base 15, what is 1e4b5 - 7?
1e4ad
In base 5, what is -123420 - 4?
-123424
In base 16, what is -5 - -6541?
653c
In base 4, what is 10133 - 101120?
-30321
In base 9, what is 1 + -2204645?
-2204644
In base 16, what is 22e + -64?
1ca
In base 4, what is 1033031 + -13?
1033012
In base 12, what is 7360 - a?
7352
In base 13, what is -1368294 + 0?
-1368294
In base 2, what is 100111001011 + 1011?
100111010110
In base 8, what is -20003 + 2?
-20001
In base 10, what is 7 - -3916?
3923
In base 15, what is 576e6 - -2?
576e8
In base 4, what is 10233 - -102211?
113110
In base 2, what is 1110011 + 100010?
10010101
In base 12, what is 351a6 + 3?
351a9
In base 8, what is 1453165 - 10?
1453155
In base 12, what is -21a + 3343?
3125
In base 16, what is 0 + 2093?
2093
In base 5, what is 3242 + 2101?
10343
In base 8, what is -326525 + -2?
-326527
In base 11, what is 34 + 58887?
58910
In base 8, what is 5424 - 16?
5406
In base 7, what is 0 - 4236?
-4236
In base 14, what is -5 + 793?
78c
In base 6, what is 1133 - -1321?
2454
In base 9, what is -667 - -1306?
528
In base 16, what is -a8 - 299?
-341
In base 11, what is 4a955 - 4?
4a951
In base 9, what is 166554 + -2?
166552
In base 4, what is -12 - -231003233?
231003221
In base 9, what is -137 + -55?
-203
In base 7, what is -323624 - -22?
-323602
In base 2, what is 1101111110110110 - -1?
1101111110110111
In base 11, what is 8 - 11666?
-11659
In base 11, what is 18 - -a375?
a392
In base 12, what is 186b + -2bb?
1570
In base 12, what is 4 - 23642?
-2363a
In base 3, what is -11 + 202201021?
202201010
In base 10, what is -4 - -37213?
37209
In base 13, what is -1 + -47592?
-47593
In base 11, what is 69 + 1399?
1457
In base 12, what is -725 - 900?
-1425
In base 11, what is 82a - 30?
7aa
In base 11, what is 1984 - 53?
1931
In base 7, what is -424 - 62361?
-63115
In base 2, what is 1101001 + -100011111100?
-100010010011
In base 5, what is 4100240 - 0?
4100240
In base 3, what is 1000 + -21010010?
-21002010
In base 13, what is -25904 + b?
-258c6
In base 7, what is 1050460 - 35?
1050422
In base 6, what is 12 + 23432?
23444
In base 15, what is -29c - 3b9?
-666
In base 6, what is -2 + 25422?
25420
In base 5, what is 4414013 + -1?
4414012
In base 8, what is 20036 + 2?
20040
In base 14, what is b52d + -122?
b40b
In base 16, what is 5 + 1477b?
14780
In base 11, what is -1 - -359a5?
359a4
In base 10, what is -2 - -77619?
77617
In base 15, what is 1 + 22a8a?
22a8b
In base 15, what is -36c34 + -2?
-36c36
In base 11, what is 3a40 + -8?
3a33
In base 16, what is -12f6b + -28?
-12f93
In base 13, what is -5 - -31821b?
318216
In base 15, what is d - -138ab?
138b9
In base 15, what is -23d4 - -9d?
-2336
In base 16, what is 71df + -1?
71de
In base 4, what is -100223003232 + -11?
-100223003303
In base 3, what is -122010022 + -1?
-122010100
In base 6, what is 34045441 + -3?
34045434
In base 11, what is 39 - 309?
-280
In base 10, what is 488 - -18?
506
In base 5, what is 2 - 2011402?
-2011400
In base 14, what is 10217 + 3?
1021a
In base 11, what is 330 + -7?
324
In base 15, what is 2 - a5e?
-a5c
In base 9, what is -342287 + -6?
-342304
In base 13, what is 3707 + 24?
372b
In base 11, what is 69a5 + -13?
6992
In base 14, what is -35 - -398d0?
39899
In base 15, what is -4a4 + -1c?
-4c1
In base 8, what is -266132 + 6?
-266124
In base 4, what is -20020 + -3121332?
-3202012
In base 2, what is 11011000010110100001 + 101?
11011000010110100110
In base 16, what is -6ab2 + -5?
-6ab7
In base 6, what is 1 + -2014514?
-2014513
In base 13, what is 2a + -2463?
-2436
In base 7, what is 4 - 1426625?
-1426621
In base 5, what is -13400 + 11444?
-1401
In base 7, what is -5 - -35621?
35613
In base 15, what is 61e5 - -5?
61ea
In base 8, what is 3 + 134656?
134661
In base 13, what is -2b6 + -86?
-36c
In base 4, what is 100113302 - 12?
100113230
In base 4, what is -3233 + -30233?
-100132
In base 12, what is -5ba7 + 5?
-5ba2
In base 5, what is -2341 - -14?
-2322
In base 16, what is -1 + 26f2?
26f1
In base 6, what is -5 - -3430121?
3430112
In base 7, what is -4 + -2503?
-2510
In base 12, what is -5 + -123025?
-12302a
In base 11, what is -3a1535 - 9?
-3a1543
In base 16, what is -3 - -8da9?
8da6
In base 5, what is 401 - -10?
411
In base 12, what is -8b7b4 - 5?
-8b7b9
In base 10, what is 4 - -326469?
326473
In base 4, what is 1231333 - -11?
1232010
In base 9, what is 2 + -45754?
-45752
In base 11, what is 23021 - -63?
23084
In base 6, what is 3440 + -1253?
2143
In base 7, what is 6 - 3532216?
-3532210
In base 2, what is -11 - -11010101010000?
11010101001101
In base 15, what is -756 + -7?
-75d
In base 11, what is -3 + 119924?
119921
In base 4, what is -120001 - -10012?
-103323
In base 15, what is -5 - -732b?
7326
In base 10, what is 4 - 4693?
-4689
In base 7, what is -153 - 216000?
-216153
In base 3, what is 1210 - -12?
1222
In base 4, what is -211 + 203220?
203003
In base 10, what is -3151356 - 4?
-3151360
In base 8, what is 2020727 + 1?
2020730
In base 3, what is -10 - 1012012002?
-1012012012
In base 6, what is -443424 - -3?
-443421
In base 15, what is -2 - -a16c?
a16a
In base 6, what is -123144 + -32?
-123220
In base 8, what is 34437 + -2?
34435
In base 11, what is 117 - 7240?
-7124
In base 13, what is -1 - 75c0?
-75c1
In base 4, what is -101 - -1301?
1200
In base 9, what is 4 + -55168?
-55164
In base 16, what is 0 - 188b8b?
-188b8b
In base 11, what is 3a45a + 4?
3a463
In base 7, what is 366 + -12030?
-11331
In base 6, what is -342 + -343?
-1125
In base 6, what is -11 + 31434?
31423
In base 11, what is 49978 - -6?
49983
In base 14, what is 16 + -17410?
-173d8
In base 6, what is 102 + -3101?
-2555
In base 7, what is -23 - -1006211?
1006155
In base 6, what is 1322 - -210504?
212230
In base 2, what is -10 - 1001001000010010000?
-1001001000010010010
In base 7, what is -513 + 5?
-505
In base 9, what is -468 + -15?
-484
In base 11, what is -31 - -2a61?
2a30
In base 16, what is 5ac3 + -7?
5abc
In base 5, what is -122 - 1311324?
-1312001
In base 9, what is 11700 - 1?
11688
In base 2, what is 10100010 - -11100101111010?
11101000011100
In base 12, what is -2a7 - -1651?
1366
In base 7, what is -443 + -2242?
-3015
In base 11, what is 158 - -1?
159
In base 16, what is -e + 23c7?
23b9
In base 6, what is 3344333 - 1?
3344332
In base 13, what is 3 - -b2284?
b2287
In base 8, what is -73172 + -1?
-73173
In base 5, what is -11 + 122210?
122144
In base 8, what is -2643 - 26?
-2671
In base 16, what is -7a - -134?
ba
In base 4, what is 1202 - -313200?
321002
In base 11, what is 769 - -a35?
16a3
In base 14, what is 7c1 - 13?
7ac
In base 15, what is 1349d + 1?
1349e
In base 5, what is -11144433 - -30?
-11144403
In base 11, what is 19841 - 53?
19799
In base 7, what is -33 + -306630?
-306663
In base 7, what is 50114 + 21?
50135
In base 5, what is 43142 - 44?
43043
In base 6, what is -444 + 122220?
121332
In base 11, what is -2879 + -1a?
-2898
In base 14, what is 85c6 + 2b?
8613
In base 11, what is 4a8a27 + 4?
4a8a30
In base 15, what is -2 - -2bb29?
2bb27
In base 8, what is -1374 - -6206?
4612
In base 16, what is -7 + -1244d?
-12454
In base 16, what is 0 - -3a169?
3a169
In base 7, what is -10565 - -240?
-10325
In base 12, what is -2a7 + -103?
-3aa
In base 3, what is 10001 - 12211012?
-12201011
In base 7, what is 2 - -502504?
502506
In base 16, what is 18cdb + -2?
18cd9
In base 3, what is 1200020222 - 0?
1200020222
In base 8, what is -10 - -14531?
14521
In base 4, what is -13111 + 1321023?
1301312
In base 10, what is -193 - 390?
-583
In base 6, what is 2 + 104021435?
104021441
In base 2, what is -10111101 - -10100011?
-11010
In base 6, what is -2124 + -2303?
-4431
In base 15, what is 52e - -58?
587
In base 16, what is 12e + -702?
-5d4
In base 11, what is 2732 - -3?
2735
In base 2, what is 111010011101100 - -101?
111010011110001
In base 5, what is -211231423 - -4?
-211231414
In base 6, what is -213 - 124?
-3